-9 - 6 = 5*l, 4*l - 28 = -5*u. Let n = -8069 - -8204. Suppose -u*j = -13*j + n. Calculate the highest common factor of j and 18.
9
Let d = -33974 + 34000. Calculate the greatest common divisor of d and 6539.
13
Let f be 2660/5 - 0/(-1). Let d be (-1 - (-20)/4) + f. Let b = -326 + d. What is the highest common divisor of b and 15?
15
Let k be (-291)/(-582) - ((-18)/4 - 0). What is the greatest common factor of 1315 and k?
5
Let r(n) = 3*n**3 + 4*n**2 + 46*n + 39. Let t be r(6). Calculate the greatest common divisor of 41 and t.
41
Suppose 5*b + 381 = 3*s + 34, 2*b = -3*s + 340. What is the highest common divisor of s and 54?
6
Let u be ((-15)/(-4))/(9 - (-7)/297948*-383073). Calculate the greatest common factor of u and 15.
15
Suppose -2112 = -4*a - 2028. Let i = 45 - 42. What is the highest common factor of i and a?
3
Suppose 15*p + 79*p = 25*p + 6969. What is the highest common factor of p and 38?
1
Let y(v) = 121*v + 2732. Let j be y(-15). Calculate the highest common divisor of 1441 and j.
131
Let z be 1/(-3) - (-16824)/36. Let v = -427 + z. Calculate the highest common divisor of 40 and v.
40
Let m(a) = -9 - 3*a**2 + 3*a - 11*a + 6*a**2 + 10*a. Let o be m(-3). Let v be 8/o*(-6*5)/(-2). Calculate the greatest common factor of 4 and v.
2
Let x = 56 + 16. Let r be ((-1254)/(-110))/(6/10). Suppose -13 = -4*v + r. What is the highest common divisor of v and x?
8
Let i(y) = -2*y**3 - 81*y**2 + 56*y - 152. Let g be i(-42). Calculate the greatest common factor of 41 and g.
41
Let t = 1436 - 1427. Let c = -74 + 131. Calculate the greatest common divisor of c and t.
3
Let g be (32/(-128))/((-2)/24). Suppose -g*i - 5*k + 79 = 0, -8 = -3*k - 2. What is the highest common factor of i and 92?
23
Suppose r - 41*a = -36*a + 2425, 0 = -10*r + a + 23858. What is the greatest common factor of r and 53?
53
Let r be (2 + 1)*(-5 - -1194). What is the highest common divisor of r and 551?
29
Let b(l) = 2*l + 17. Let a be b(-8). Let i(z) = 5*z**2 + 1 - 4*z**2 + a + 9. Let w be i(-4). Calculate the greatest common divisor of w and 9.
9
Suppose 4*l = -66*d + 71*d + 150, 66 = 3*l + 4*d. What is the greatest common factor of l and 18?
6
Let d = 33 + -3. Suppose 45 + d = n. Let t = n - 47. Calculate the highest common factor of 56 and t.
28
Suppose 63325*x + 595 = 63410*x. Suppose 4*l - 861 = l. Calculate the highest common divisor of l and x.
7
Let r be 9550/30 - ((-91)/(-21) - 6). Calculate the greatest common divisor of r and 5280.
160
Let v be (-81)/54 + 4/(-12)*1098594/(-12). Calculate the greatest common factor of 170 and v.
85
Let y be ((-7)/14 - -1)*(7 - 1). Let t be (-20)/6*y/(-2). Suppose -3 = -t*q + 77. What is the greatest common divisor of 16 and q?
16
Suppose 0 = 4*x + 2*v + 8, 2 - 6 = 4*x + v. Suppose -4*g = -2*h - 6*g + 536, x = g + 4. Calculate the greatest common factor of 16 and h.
16
Suppose -245 = -x - f, -47*f - 738 = -3*x - 51*f. Let l = -224 + x. Calculate the highest common factor of l and 306.
18
Let j(t) = -t**2 - 16*t + 3. Let r be j(-12). Suppose 5*s - 5*m = 2280, 15 = 30*m - 25*m. Calculate the highest common divisor of s and r.
51
Suppose 0 = -2*g - 4*g + 150. Suppose -34*i + 50*i = 2000. Calculate the greatest common factor of g and i.
25
Suppose -14 + 154 = 10*s. Suppose 4*l - s + 2 = 0. Let r be l/(-9) + 110/6. What is the highest common divisor of r and 54?
18
Suppose -5*z + 91 = 66. Suppose 4*b = z*b - 16. Suppose 5*a - 55 = -2*m + 3*m, -3*a + 2*m + 26 = 0. Calculate the greatest common factor of a and b.
4
Suppose 5*c - g + 17 - 157 = 0, -g + 103 = 4*c. Let v(h) = 23*h - 108. Let p be v(c). What is the highest common divisor of 54 and p?
27
Let b be (-4)/21*3 + (-51506)/(-98). What is the greatest common divisor of 325 and b?
25
Let s be (-1248)/(-39) + -2 + -2 + -2. Calculate the greatest common divisor of 1521 and s.
13
Let u(x) = 5*x + 50. Let c be u(5). Suppose 2*o - c = 3*n, 2*o + n = 5*o - 123. Let m be 500/18 - (-8)/36. Calculate the highest common factor of o and m.
14
Let s(k) = 24*k**3 - 5*k**2 - k + 10. Let j be s(3). What is the highest common divisor of j and 10?
10
Suppose -90 = -2*j - 3*j. Let r = 3546 - 3267. What is the greatest common divisor of j and r?
9
Suppose 4*h - 909 - 883 = 0. What is the highest common factor of h and 784?
112
Suppose -14*z - 2436 = 5026. Let s = 187 - z. What is the highest common factor of s and 45?
45
Suppose -5 = 7*f - 12. Suppose -2*a = -19 + f. Calculate the highest common factor of 171 and a.
9
Suppose 0 = -5*c + 6*c - 24. Suppose 2*v = -4*u - 84, -4*v = -5*u + 2*u - 52. Let n be 20/(-3)*c/u. Calculate the greatest common divisor of 80 and n.
8
Suppose -u - 174 = 4*p - 2*u, p - 2*u = -40. Let a be p/3*-3 - 1*3. Let d = a + -14. Calculate the highest common divisor of 3 and d.
3
Let l = -449 + 450. Let d be ((-4)/(-5)*-10)/(l/(-4)). What is the greatest common divisor of d and 368?
16
Let z(p) = -19*p - 303. Let s be z(-18). Let h be ((-2)/(-4))/(1/12). Calculate the greatest common divisor of h and s.
3
Suppose -3*o = -5*h + 555, -4*h + 3*o + 146 = -295. Let y = h - 113. Calculate the highest common factor of 9 and y.
1
Let v be (-5124)/(-10) - (14 - (-1632)/(-120)). What is the greatest common factor of 576 and v?
64
Let g(r) = 7*r + 94. Let m be g(-16). Let n be m/(-10)*10/3. Calculate the highest common divisor of n and 117.
3
Let m(t) = -65767*t - 18 + t**3 + 65762*t + 30 - 7*t**2. Suppose -11 = -3*i + 13. Let g be m(i). What is the highest common factor of g and 48?
12
Suppose -27*s + 1861 = 1618. Calculate the highest common divisor of s and 1413.
9
Let p(q) = -28*q + 201. Let z = -714 - -709. Let s be p(z). Calculate the greatest common divisor of s and 11.
11
Suppose 2*q + 28 = 3*l + 6*q, 20 = 5*q. Suppose 5*s = 4*t - 117, -5*t - l*s + 65 = -71. Calculate the highest common divisor of t and 252.
28
Suppose 0 = -7*l + 4 + 31. Suppose -p - 4*p - 20 = 0, -p = -l*x - 411. Let o = -55 - x. Calculate the highest common divisor of 7 and o.
7
Let q(o) = -47*o**2 + 355*o + 14. Let j be q(7). What is the greatest common divisor of 1008 and j?
28
Let l(n) = 5045*n**2 - 55*n - 57. Let q be l(-1). What is the highest common divisor of q and 123?
123
Let y be (-32*(-19)/152)/(2/190). Calculate the greatest common divisor of y and 228.
76
Let v = -44 + 53. Suppose 309 = v*m - 1446. Let s be ((4 + -5)*-1)/((-3)/(-45)). What is the highest common divisor of s and m?
15
Let x(i) = 50*i + 12. Let z(n) = -97*n - 24. Let q(d) = 9*x(d) + 4*z(d). Let y be q(4). Calculate the greatest common divisor of y and 20.
20
Let y(l) = 3*l**2 - 75*l - 14. Let z be y(26). Let m(o) = -o**2 - 29*o + 38. Let j be m(-30). Calculate the highest common divisor of z and j.
8
Let l(k) = 2*k**3 - 97*k**2 + 60*k + 331. Let r be l(49). What is the highest common factor of r and 56?
8
Suppose -3*t - 12 = 0, 3*l + t - 204 = 557. Calculate the greatest common divisor of l and 544.
17
Let a = -39 + 61. Let n(o) = -o**3 + 23*o**2 - 66*o + 307. Let c be n(20). What is the highest common factor of c and a?
11
Let r = -274 - -463. Let l(a) = 5*a. Let w be l(2). Suppose -w*z - 105 = -15*z. Calculate the highest common factor of r and z.
21
Let l(o) = 4*o + 65. Let v be l(-15). Suppose -v*a + 4*a + 152 = 0. Suppose -4 = -2*k, 5*q + 25 = -k + a. Calculate the greatest common factor of 200 and q.
25
Suppose 2*r - 21 = -5*k, k - 2*r + 3*r - 6 = 0. Suppose 0 = -5*z - 4*o + k*o + 43, -30 = -3*z - 2*o. Calculate the highest common factor of z and 44.
4
Suppose -18480 = 1258*d - 1291*d. What is the highest common factor of 1340 and d?
20
Let a(p) = -23*p - 10. Let g(l) = -2*l - 1. Let x(f) = -6*a(f) + 66*g(f). Let w be x(9). What is the greatest common factor of 64 and w?
16
Let r(h) be the first derivative of 3*h**2 + 43*h**2 - 8 - h + 4*h. Let b be r(2). What is the highest common factor of 17 and b?
17
Suppose 0 = -5*y + 3*y + 6. Suppose 8*m - 11*m = -y*s + 855, 0 = 5*s - 2*m - 1440. Calculate the greatest common divisor of s and 29.
29
Let b be (22 - (-81)/1)*57/6*2. Calculate the highest common divisor of 2781 and b.
103
Let b = -78 - -91. Let u be (6 - -137)/(7 + (0 - 6)). Calculate the greatest common divisor of u and b.
13
Let x be 28/21 + (-1385)/15. Suppose 0*n + 2*n = 234. Let y = x + n. What is the highest common diviso